(l) = 3*l**2 - 1. Suppose 0 = -p - p + 8. Suppose -p = -0*u - 4*u. What is v(u)?
2
Suppose -5*q = -8 + 23, -3*u - 3*q - 6 = 0. Let n be (u + 1)*12/8. Let p(z) = -3*z + 2*z**3 - 3 + z - 3*z**3 + 4*z**2. What is p(n)?
0
Let k(c) = -c**2 + 0*c**2 + 6 + 5*c - 3. Let d be k(5). Let t(r) = r**2 - 2*r + 3. Give t(d).
6
Let r(h) be the second derivative of 0 - 1/2*h**2 + 1/6*h**3 + 4*h. Give r(2).
1
Let r(v) = -6*v**2 + 5*v - 26. Let w = -13 + 11. Let j(q) = -q**2 + q - 5. Let o(b) = w*r(b) + 11*j(b). Determine o(0).
-3
Suppose -5*h + 14 = -1. Let f(d) = -4*d. Give f(h).
-12
Let p be 1/(-4) + 7/(-4). Let s be ((-4)/(-5))/(p/(-5)). Let n(r) = 4 - r - 4. Determine n(s).
-2
Let t(g) = g**3 - 5*g**2. Let s be ((-75)/(-20))/(3/16). Suppose 0*i = 5*i - s. Suppose -i*a = -a - 15. Determine t(a).
0
Let g(i) be the first derivative of i**3/3 + 2*i**2 - i - 3. Let t(l) be the first derivative of g(l). Give t(-5).
-6
Let c(q) be the second derivative of -q**4/3 + q. Let m(z) = z - 9. Suppose b + 2*b + 4*w - 20 = 0, -4 = 4*w. Let v be m(b). Give c(v).
-4
Let n(c) = -3*c + 6. Let a be ((-42)/(-3) - 4)/2. Determine n(a).
-9
Let g(j) be the first derivative of -6*j - 5 - 1/2*j**2. What is g(-7)?
1
Let r(o) = -3*o**2 + 4*o - 2. Let h be -1 + ((-4)/(-4) - -2). Calculate r(h).
-6
Let w(z) = 2*z + 2*z**2 + 5 - 8*z**2 + 7*z**2. What is w(-4)?
13
Let k(c) = c + 6. Let v(h) = 0 + 1 + h + 3 + 1. Let o(j) = -2*k(j) + 3*v(j). Calculate o(3).
6
Let o(f) = -f**2 - 3*f + 4. Let z(u) = -u**2 - 4*u - 3. Let t be (-90)/21 + (-8)/(-28). Let l be z(t). Calculate o(l).
4
Let r(j) be the third derivative of j**9/60480 - j**8/5040 - j**7/1680 - j**6/360 - j**5/10 - j**2. Let l(c) be the third derivative of r(c). Determine l(4).
-14
Let v be (4 - 1)/(-2 - 3/(-3)). Let r(m) be the second derivative of m**5/20 + m**4/12 - m**3/2 - m**2/2 + m. What is r(v)?
-10
Let j(r) be the second derivative of -r**4/4 - r**3/3 + r**2 - 6*r. Give j(-2).
-6
Suppose -4*l - 2*n + 7 = -7, 0 = l + 5*n - 8. Suppose -l*z + 4 = -z. Let i(c) = 2*c**2 + 6*c + 0*c**2 - c**2 + z. Calculate i(-5).
-3
Let z(v) = -16*v**2 + 17*v**2 + 5 - 6*v + 6 - 8. Determine z(7).
10
Let k be 23/(-138) + (-43)/(-6). Let m(t) = t - 7. Determine m(k).
0
Let m(a) be the third derivative of a**9/30240 + a**5/30 + 4*a**2. Let s(f) be the third derivative of m(f). What is s(1)?
2
Suppose -2*f + s = -7, -3*f - s + 5 = -13. Let i(u) = -15*u**2 - 9*u + 1. Let b(q) = 7*q**2 + 4*q - 1. Let t(r) = 13*b(r) + 6*i(r). Determine t(f).
8
Let k(n) be the second derivative of -n**6/720 + n**5/15 - n**4/6 - n. Let r(y) be the third derivative of k(y). What is r(0)?
8
Suppose 7*q = 2*q - 80. Let k = q + 20. Let z(n) = -n + 3. What is z(k)?
-1
Suppose -2 = 5*u + 18. Let o(m) = 4*m + 7. Let l(s) = -3*s - 7. Let i(p) = u*o(p) - 5*l(p). Calculate i(4).
3
Let u(a) be the first derivative of -a**6/90 - a**5/120 + a**4/24 - a**3/3 - 1. Let b(v) be the third derivative of u(v). What is b(1)?
-4
Let d(n) be the third derivative of -1/6*n**4 + 3*n**2 + 1/120*n**6 + 0*n - 7/6*n**3 + 0 - 1/15*n**5. What is d(5)?
-2
Let c(j) = -3*j - 1. Let w(t) = t**2 - 6*t + 5. Let h be w(6). Suppose -3*s = -2*n, -s + h = -5*n - 8. Let f be 1 + n/(1*-3). What is c(f)?
-7
Let c(f) = 0*f + 4*f - 5*f + 12 - 19. Calculate c(-12).
5
Suppose 24 = 2*x + 4*u - 0, 3*u - 28 = -4*x. Let v(l) = x - 10*l**2 - 6*l + 9*l**2 - 4. Give v(-6).
0
Let z(o) = 2 + 4*o + 1 + 3*o**2 - 4*o**2. Let r(c) = -c**2 + 8*c - 2. Let m be r(6). Suppose -4*p = -m - 2. Give z(p).
6
Let t(g) = -9*g**2 - g + 1. Let k = -53 - -54. Determine t(k).
-9
Let f(z) = z - 1. Let q(o) = -3*o - 11. Let p(c) = 2*f(c) + q(c). Let d be 1*(1 - (-2)/(-2)). Determine p(d).
-13
Let f(s) = s**2 - 2. Let c be (-2)/((-2)/2 - -1 - 1). What is f(c)?
2
Let i(g) = 2*g**3 - 3*g**2 + 3*g - 3. Suppose -u + 0 = 6. Let n be u/2 + 6 + -1. What is i(n)?
7
Let t(j) = -j + 1. Suppose 5 = -0*f + f. Give t(f).
-4
Let a(u) = 3*u**2 + 3*u + 2. Suppose -2*k = -7*k - 5*q, -4*q + 16 = -4*k. Calculate a(k).
8
Let g be 3 - -1 - (-1)/(-1). Let d(c) = -2 - g*c**2 + 1 + 0 + 0. Calculate d(1).
-4
Let p(n) be the first derivative of 4*n**3/3 - 1. Let u(b) = -3*b - 8. Let o be u(-3). Give p(o).
4
Let n be ((-4)/2)/((-2)/3). Suppose 0 = -2*z - n*z - 20. Let o(p) = -p - 2. Calculate o(z).
2
Let w(t) = 0*t**2 + 5*t - 5*t**2 + 2 + 6*t**2 - 4*t. Give w(2).
8
Suppose -n + 10 = 4*n. Let h(x) = 7*x**2 - x**2 + 2*x**2 - n*x + 1. Determine h(1).
7
Let h(u) = 2 + 6*u - u**2 - 6 - 3*u. Let p(i) = -i**3 + 4*i**2 - 4*i + 3. Let f be p(2). Suppose 4 = -f*j + 4*j. What is h(j)?
-8
Let v = 14 - 12. Let a(k) be the second derivative of 0 + k**v - 1/4*k**4 - 1/6*k**3 + 1/20*k**5 - 3*k. Calculate a(2).
-4
Let s(y) = -y**3 - 5*y**2 + 6*y + 4. Let j = 23 - 29. Determine s(j).
4
Let j(m) = -m**2 - 17*m + 15. Let u be j(-18). Let s(q) = -q**2 + 3. Determine s(u).
-6
Let u(y) = 0*y - 1 - y - 3*y**2 + y**3 + 8*y**2 + 0*y**3. Give u(-5).
4
Let r(k) = -k - 8. Let n = -162 + 156. Calculate r(n).
-2
Let h(s) = s - 2. Let b(j) = 2*j - 3. Let o(y) = -3*b(y) + 5*h(y). Let v(p) = 2*p + 7. Let r be (4/6)/(2/3). Let i(f) = r*v(f) + o(f). Give i(-5).
1
Let o(s) = s + 1. Let w(y) = -10*y**2 + 4*y + 4. Let t(h) = -3*o(h) + w(h). What is t(-1)?
-10
Let v(f) = f + 4. Let o = 4 - -3. Let l = o - 4. Suppose -l*y - 4 = -2*y. Determine v(y).
0
Let q(v) be the third derivative of v**5/60 - v**4/4 + v**3/6 + 15*v**2. Determine q(4).
-7
Suppose 34*a - 25*a - 18 = 0. Let p(g) = -g**3 - g**2 + g - 1. Determine p(a).
-11
Let x(k) be the third derivative of k**4/12 + 2*k**3/3 - 14*k**2. What is x(-7)?
-10
Suppose 0 = 4*x + 5*x - 6*x. Let k(i) be the first derivative of -1/2*i**2 + 0*i + x*i**3 - 1/2*i**4 - 1. Determine k(1).
-3
Suppose -9*d + 43 = -11. Let z(v) be the first derivative of -3*v**2/2 + 8*v + 1. What is z(d)?
-10
Let p be 3/4 - ((-38)/(-8) - 1). Let m(u) = -u + 3. Give m(p).
6
Let g(l) = l**3 + 3*l**2 - 1. Let c be g(-3). Let x(o) = -3*o - 3*o + 5*o + 2*o. Give x(c).
-1
Let m(q) be the second derivative of -q**3/2 + 3*q**2/2 - 2*q. Let t be (0 - -3)/(2/(-2)). Let i = t + 5. Calculate m(i).
-3
Let z(d) be the second derivative of d**5/20 + d**4/3 - d**3/2 + 3*d**2 + 3*d. Calculate z(-5).
-4
Let j(b) = -6*b - 6. Let k(w) = w + 1. Let o(z) = j(z) + 3*k(z). Let u(l) = l**3 + 10*l**2 + 10*l + 4. Let m be u(-9). Give o(m).
12
Let n(v) be the first derivative of v**5/120 + v**4/24 + 5*v**3/3 - 4. Let z(h) be the third derivative of n(h). Give z(-5).
-4
Suppose -o - 2*o = 0. Let v be 5 + ((-27)/3)/3. Let u(p) = p - p**2 + 3*p**v - p**2 + 8 - 1. Give u(o).
7
Let o = 1 + 1. Let t(n) = -n + o*n - 3*n. Let w be 10/(-4)*(-18)/(-15). Give t(w).
6
Let v(l) = 6*l**2 - 2*l**2 + l**2 - 5*l + l**3. What is v(-6)?
-6
Let p(c) = c + 2 - 4 + c**3 - 4*c**2 + 2*c. Let d be p(3). Let x(j) = 6*j**2 + 3*j + 10. Let n(m) = 2*m**2 + m + 3. Let u(k) = -7*n(k) + 2*x(k). Determine u(d).
-7
Let k(r) = r - 4. Suppose 2*c + 4*h = -4, c = 3*h + h + 16. Let d = 1 + c. What is k(d)?
1
Suppose -10*k + 54 = -k. Let g(p) = p**3 + p**2 - p - 1. Let a(j) = 3*j**3 + 11*j**2 - 12*j - 5. Let r(h) = -a(h) + 4*g(h). Determine r(k).
13
Let w(m) = m**3 + 8*m**2 - 9. Let i = -30 - -22. Determine w(i).
-9
Let h(z) be the second derivative of z**3/3 + 3*z**2 + z. Let w = -12 - -9. Let i be w/(-9) - 32/6. Calculate h(i).
-4
Let k(c) = -10*c - 2. Let q(t) = -t**3 - 8*t**2 + 10*t + 7. Let j be q(-9). Determine k(j).
18
Let s(m) = -6*m**2 - 4*m - 8. Let d(o) = -o**3 - o**2 - 1. Let k = -16 - -17. Let n(u) = k*d(u) - s(u). Calculate n(6).
-5
Suppose -2*f + 2*t - 8 = 0, 5*f + 18 + 6 = t. Let b(p) = -p**2 - 4*p + 5. Let n(l) = -4*l**2 - 15*l + 20. Let s(q) = -9*b(q) + 2*n(q). Calculate s(f).
-10
Let n(p) = 23 - 4*p - p**2 - 13 - 2. Give n(-6).
-4
Let n(a) be the third derivative of 0 + 1/6*a**4 - 1/3*a**3 - 8*a**2 - 1/120*a**6 + 0*a + 1/20*a**5. What is n(3)?
10
Suppose q = -3 + 8. Suppose 4*p = 3*z - 10, -q*p + 16 = 2*z - 6. Suppose -3*h - z - 6 = 0. Let k(g) = -g**3 - 3*g**2 + 5*g + 1. Calculate k(h).
-3
Let r = -97 + 103. Let u(g) be the third derivative of -1/15*g**5 - 1/120*g**r + 0 + 0*g**3 + 4*g**2 + 0*g + 1/4*g**4. Calculate u(-5).
-5
Let j(y) = -y**2 + y. Let t(n) = -n**3 - 6*n**2 + 7*n. Suppose 5*h = -3 - 17. Let s(i) = h*j(i) + t(i). Give s(-3).
0
